{"id":274,"date":"2026-02-04T22:48:22","date_gmt":"2026-02-04T21:48:22","guid":{"rendered":"https:\/\/eletminosegedittel.hu\/?page_id=274"},"modified":"2026-08-09T23:31:56","modified_gmt":"2026-08-09T21:31:56","slug":"minosegi-alvas","status":"publish","type":"page","link":"https:\/\/eletminosegedittel.hu\/?page_id=274","title":{"rendered":"Min\u0151s\u00e9gi alv\u00e1s"},"content":{"rendered":"\t\t<div data-elementor-type=\"wp-page\" data-elementor-id=\"274\" class=\"elementor elementor-274\" data-elementor-post-type=\"page\">\n\t\t\t\t<div class=\"elementor-element elementor-element-db40c2f e-flex e-con-boxed e-con e-parent\" data-id=\"db40c2f\" data-element_type=\"container\" data-e-type=\"container\" data-settings=\"{&quot;background_background&quot;:&quot;classic&quot;}\">\n\t\t\t\t\t<div class=\"e-con-inner\">\n\t\t\t\t<div class=\"elementor-element elementor-element-1509f5f elementor-widget elementor-widget-heading\" data-id=\"1509f5f\" data-element_type=\"widget\" data-e-type=\"widget\" data-widget_type=\"heading.default\">\n\t\t\t\t<div class=\"elementor-widget-container\">\n\t\t\t\t\t<h2 class=\"elementor-heading-title elementor-size-default\">A min\u0151s\u00e9gi alv\u00e1s\u00e9rt<\/h2>\t\t\t\t<\/div>\n\t\t\t\t<\/div>\n\t\t\t\t\t<\/div>\n\t\t\t\t<\/div>\n\t\t<div class=\"elementor-element elementor-element-203a656 e-flex e-con-boxed e-con e-parent\" data-id=\"203a656\" data-element_type=\"container\" data-e-type=\"container\" data-settings=\"{&quot;background_background&quot;:&quot;classic&quot;}\">\n\t\t\t\t\t<div class=\"e-con-inner\">\n\t\t<div class=\"elementor-element elementor-element-d77aa7e e-con-full e-flex e-con e-child\" data-id=\"d77aa7e\" data-element_type=\"container\" data-e-type=\"container\">\n\t\t\t\t<div class=\"elementor-element elementor-element-e6b8476 elementor-widget elementor-widget-image\" data-id=\"e6b8476\" data-element_type=\"widget\" data-e-type=\"widget\" data-widget_type=\"image.default\">\n\t\t\t\t<div class=\"elementor-widget-container\">\n\t\t\t\t\t\t\t\t\t\t\t\t\t\t\t<img fetchpriority=\"high\" decoding=\"async\" width=\"1080\" height=\"1080\" src=\"https:\/\/eletminosegedittel.hu\/wp-content\/uploads\/2026\/03\/restorate-termek.jpg\" class=\"attachment-full size-full wp-image-343\" alt=\"\" srcset=\"https:\/\/eletminosegedittel.hu\/wp-content\/uploads\/2026\/03\/restorate-termek.jpg 1080w, https:\/\/eletminosegedittel.hu\/wp-content\/uploads\/2026\/03\/restorate-termek-300x300.jpg 300w, https:\/\/eletminosegedittel.hu\/wp-content\/uploads\/2026\/03\/restorate-termek-1024x1024.jpg 1024w, https:\/\/eletminosegedittel.hu\/wp-content\/uploads\/2026\/03\/restorate-termek-150x150.jpg 150w, https:\/\/eletminosegedittel.hu\/wp-content\/uploads\/2026\/03\/restorate-termek-768x768.jpg 768w\" sizes=\"(max-width: 1080px) 100vw, 1080px\" \/>\t\t\t\t\t\t\t\t\t\t\t\t\t\t\t<\/div>\n\t\t\t\t<\/div>\n\t\t\t\t<\/div>\n\t\t<div class=\"elementor-element elementor-element-de0c382 e-con-full e-flex e-con e-child\" data-id=\"de0c382\" data-element_type=\"container\" data-e-type=\"container\">\n\t\t\t\t<div class=\"elementor-element elementor-element-009b4e7 elementor-widget elementor-widget-heading\" data-id=\"009b4e7\" data-element_type=\"widget\" data-e-type=\"widget\" data-widget_type=\"heading.default\">\n\t\t\t\t<div class=\"elementor-widget-container\">\n\t\t\t\t\t<h3 class=\"elementor-heading-title elementor-size-default\">FitLine Restorate - Regener\u00e1ci\u00f3, mik\u00f6zben alszol.<\/h3>\t\t\t\t<\/div>\n\t\t\t\t<\/div>\n\t\t\t\t<div class=\"elementor-element elementor-element-371eef6 elementor-widget elementor-widget-text-editor\" data-id=\"371eef6\" data-element_type=\"widget\" data-e-type=\"widget\" data-widget_type=\"text-editor.default\">\n\t\t\t\t<div class=\"elementor-widget-container\">\n\t\t\t\t\t\t\t\t\t<p><strong><u>FitLine Restorate- Regener\u00e1ci\u00f3, mik\u00f6zben alszol.<\/u><\/strong><\/p><p>Hi\u00e1ba az energia napk\u00f6zben, ha az \u00e9jszakai regener\u00e1ci\u00f3 nem m\u0171k\u00f6dik.<\/p><p>A <strong>FitLine Restorate<\/strong> lefekv\u00e9s el\u0151tt t\u00e1mogatja a testedet abban, hogy <strong>\u00e9jszaka helyre\u00e1lljon, felt\u00f6lt\u0151dj\u00f6n <\/strong>\u00e9s<strong> felk\u00e9sz\u00fclj\u00f6n a k\u00f6vetkez\u0151 napra<\/strong>.<\/p><p>T\u00f6bb mint egy \u00e1sv\u00e1nyi anyag.<\/p><p><strong><u>FONTOS: <\/u><\/strong>Az \u00e1sv\u00e1nyi anyagok \u00e9s mikrot\u00e1panyagok \u00e9jszaka t\u00e1rol\u00f3dnak a legjobban.<\/p><p><strong><u>A Restorate kiv\u00e1l\u00f3 min\u0151s\u00e9g\u0171 kombin\u00e1ci\u00f3ja:<\/u><\/strong><\/p><ul><li>kalcium, magn\u00e9zium, cink, vas<\/li><li>szel\u00e9n, kr\u00f3m, mang\u00e1n, szil\u00edcium<\/li><li><strong>D-vitamin<\/strong><\/li><li>\u00e9s a felsz\u00edv\u00f3d\u00e1st seg\u00edt\u0151 <strong>ajurv\u00e9dikus gy\u00f3gyn\u00f6v\u00e9ny arom\u00e1knak.<\/strong><\/li><\/ul><p>\u27a1\ufe0f <strong>NTC\u00ae technol\u00f3gi\u00e1val<\/strong> k\u00e9sz\u00fclt\u2013 hogy a t\u00e1panyagok val\u00f3ban hasznosuljanak.<\/p><p><strong>\u00a0\u00c9jszakai \u201eh\u00e1l\u00f3sapka\u201d-nak <\/strong>is nevezz\u00fck, hiszen:<\/p><p><strong><u>A cink hozz\u00e1j\u00e1rul:<\/u><\/strong><\/p><ul><li>a norm\u00e1l <strong>sav\u2013b\u00e1zis egyens\u00falyhoz<\/strong><\/li><li>a <strong>sz\u00e9nhidr\u00e1t- \u00e9s zs\u00edranyagcser\u00e9hez<\/strong><\/li><li>a min\u0151s\u00e9gi <strong>pihen\u00e9shez<\/strong><\/li><li>a szervezet norm\u00e1l <strong>regener\u00e1ci\u00f3s<\/strong> folyamataihoz<\/li><\/ul>\t\t\t\t\t\t\t\t<\/div>\n\t\t\t\t<\/div>\n\t\t\t\t<\/div>\n\t\t\t\t\t<\/div>\n\t\t\t\t<\/div>\n\t\t<div class=\"elementor-element elementor-element-e0472b3 e-flex e-con-boxed e-con e-parent\" data-id=\"e0472b3\" data-element_type=\"container\" data-e-type=\"container\" data-settings=\"{&quot;background_background&quot;:&quot;classic&quot;}\">\n\t\t\t\t\t<div class=\"e-con-inner\">\n\t\t<div class=\"elementor-element elementor-element-4393f3b e-con-full e-flex e-con e-child\" data-id=\"4393f3b\" data-element_type=\"container\" data-e-type=\"container\">\n\t\t\t\t<div class=\"elementor-element elementor-element-444d80c elementor-widget elementor-widget-text-editor\" data-id=\"444d80c\" data-element_type=\"widget\" data-e-type=\"widget\" data-widget_type=\"text-editor.default\">\n\t\t\t\t<div class=\"elementor-widget-container\">\n\t\t\t\t\t\t\t\t\t<p><strong><u>Hat\u00e1sa:<\/u><\/strong><\/p><ul><li>Hosszan tart\u00f3 <strong>energi\u00e1t<\/strong> \u00e9s <strong>koncentr\u00e1ci\u00f3t<\/strong> biztos\u00edt.<\/li><li><strong>Immuner\u0151s\u00edt\u00e9st<\/strong> sejtszinten oldja meg.<\/li><li><strong>Eg\u00e9szs\u00e9ges b\u00e9lrendszer<\/strong> m\u0171k\u00f6d\u00e9s\u00e9t t\u00e1mogatja.<\/li><li><strong>Regener\u00e1ci\u00f3s folyamatokban<\/strong> seg\u00edthet.<\/li><\/ul><p><strong><u><br \/>Kinek aj\u00e1nlott?<\/u><\/strong><\/p><ul><li>H\u00e9tk\u00f6znapi embereknek <strong>f\u00e1radts\u00e1g<\/strong>, <strong>stressz<\/strong>, <strong>gyenge immunrendszer<\/strong> eset\u00e9n.<\/li><li>Sportol\u00f3knak <strong>teljes\u00edtm\u00e9ny<\/strong> \u00e9s <strong>regener\u00e1ci\u00f3<\/strong> t\u00e1mogat\u00e1s\u00e1ra.<\/li><li>Id\u0151seknek a <strong>mikrot\u00e1panyag hi\u00e1ny<\/strong> kialakul\u00e1s\u00e1nak <strong>megel\u0151z\u00e9s\u00e9re<\/strong>.<\/li><li>Gyerekeknek k\u00fcl\u00f6n Junior v\u00e1ltozatban kaphat\u00f3. (12 \u00e9ves kor alatt)<\/li><li><strong>Di\u00e9t\u00e1z\u00f3knak<\/strong>, <strong>\u00e9letm\u00f3dv\u00e1lt\u00f3knak<\/strong> t\u00e1panyagkompenz\u00e1ci\u00f3ban is nagy seg\u00edts\u00e9get ny\u00fajthat.<\/li><li>Akinek <strong>em\u00e9szt\u00e9si probl\u00e9m\u00e1i<\/strong> vannak.<\/li><li>12 \u00e9ves kor felett aj\u00e1nlott.<\/li><li>Mindazok sz\u00e1m\u00e1ra, akik\u00a0<strong>t\u00f6bb energi\u00e1ra<\/strong>, <strong>jobb<\/strong> <strong>ellen\u00e1ll\u00f3 k\u00e9pess\u00e9gre<\/strong>\u00a0\u00e9s\u00a0<strong>jobb<\/strong> <strong>\u00e9letmin\u0151s\u00e9gre<\/strong> v\u00e1gynak\u00a0a rohan\u00f3 mindennapokban.<\/li><\/ul>\t\t\t\t\t\t\t\t<\/div>\n\t\t\t\t<\/div>\n\t\t\t\t<\/div>\n\t\t<div class=\"elementor-element elementor-element-22d3445 e-con-full e-flex e-con e-child\" data-id=\"22d3445\" data-element_type=\"container\" data-e-type=\"container\">\n\t\t\t\t<div class=\"elementor-element elementor-element-3422eea elementor-widget elementor-widget-text-editor\" data-id=\"3422eea\" data-element_type=\"widget\" data-e-type=\"widget\" data-widget_type=\"text-editor.default\">\n\t\t\t\t<div class=\"elementor-widget-container\">\n\t\t\t\t\t\t\t\t\t<p><strong><u>Hogyan haszn\u00e1ld?<\/u><\/strong><\/p><p>Csak keverd sz\u00e9nsavmentes v\u00edzbe a tasak tartalm\u00e1t \u00e9s gondoskodj a napi t\u00e1panyagell\u00e1t\u00e1sodr\u00f3l egyetlen poh\u00e1rban. A term\u00e9k fogyaszt\u00e1sa a reggeli \u00f3r\u00e1kban aj\u00e1nlott, hogy a napi t\u00e1panyagell\u00e1t\u00e1s\u00e1t tudjuk biztos\u00edtani a sejtjeinknek. \u00c9rdemes v\u00e1rni vele kb. egy 5 percet, \u00e9s \u00fajra \u00f6sszekeverni. Kicsit selymesebb lesz az \u00e1llaga.<\/p><p>Ne l\u00e9pje t\u00fal a javasolt napi aj\u00e1nlott adagot. Az \u00e9trend-kieg\u00e9sz\u00edt\u0151ket nem szabad a v\u00e1ltozatos \u00e9s kiegyens\u00falyozott \u00e9trend \u00e9s az eg\u00e9szs\u00e9ges \u00e9letm\u00f3d helyettes\u00edt\u00e9s\u00e9re haszn\u00e1lni. Kisgyermekekt\u0151l elz\u00e1rva tartand\u00f3. Por form\u00e1j\u00fa funkcion\u00e1lis \u00e9lelmiszer. <strong>\u00cdz<\/strong>: Narancs-fekete ribizli. Koffeint tartalmaz. Nem aj\u00e1nlott gyermekek vagy terhes n\u0151k sz\u00e1m\u00e1ra. (30 mg koffein \/ napi adag) <strong>\u00c9des\u00edt\u0151szer<\/strong>: N\u00f6v\u00e9nyi eredet\u0171 Stevi\u00e1b\u00f3l sz\u00e1rmaz\u00f3 szteviol-glikozidok.<\/p><p><strong>Kiszerel\u00e9se<\/strong>: 30 tasak\/doboz, ezek egyenk\u00e9nt 15 g-os tasakok = 450 g.<\/p><p><strong>AJ\u00c1NL\u00c1S: 1 adag (1 tasak) naponta.<\/strong><\/p><p><strong>Let\u00f6lthet\u0151 tudom\u00e1nyos vide\u00f3 a term\u00e9kr\u0151l a linkre kattintva el\u00e9rhet\u0151:<\/strong><\/p><p><a href=\"https:\/\/www.youtube.com\/watch?v=O9ahQTLhPMs\"><strong>https:\/\/www.youtube.com\/watch?v=O9ahQTLhPMs<\/strong><\/a><\/p>\t\t\t\t\t\t\t\t<\/div>\n\t\t\t\t<\/div>\n\t\t\t\t<\/div>\n\t\t\t\t\t<\/div>\n\t\t\t\t<\/div>\n\t\t\t\t<\/div>\n\t\t","protected":false},"excerpt":{"rendered":"<p>A min\u0151s\u00e9gi alv\u00e1s\u00e9rt FitLine Restorate &#8211; Regener\u00e1ci\u00f3, mik\u00f6zben alszol. FitLine Restorate- Regener\u00e1ci\u00f3, mik\u00f6zben alszol. Hi\u00e1ba az energia napk\u00f6zben, ha az \u00e9jszakai regener\u00e1ci\u00f3 nem m\u0171k\u00f6dik. A FitLine Restorate lefekv\u00e9s el\u0151tt t\u00e1mogatja a testedet abban, hogy \u00e9jszaka helyre\u00e1lljon, felt\u00f6lt\u0151dj\u00f6n \u00e9s felk\u00e9sz\u00fclj\u00f6n a k\u00f6vetkez\u0151 napra. T\u00f6bb mint egy \u00e1sv\u00e1nyi anyag. FONTOS: Az \u00e1sv\u00e1nyi anyagok \u00e9s mikrot\u00e1panyagok \u00e9jszaka t\u00e1rol\u00f3dnak [&hellip;]<\/p>\n","protected":false},"author":1,"featured_media":0,"parent":0,"menu_order":0,"comment_status":"closed","ping_status":"closed","template":"elementor_header_footer","meta":{"footnotes":""},"class_list":["post-274","page","type-page","status-publish","hentry"],"_links":{"self":[{"href":"https:\/\/eletminosegedittel.hu\/index.php?rest_route=\/wp\/v2\/pages\/274","targetHints":{"allow":["GET"]}}],"collection":[{"href":"https:\/\/eletminosegedittel.hu\/index.php?rest_route=\/wp\/v2\/pages"}],"about":[{"href":"https:\/\/eletminosegedittel.hu\/index.php?rest_route=\/wp\/v2\/types\/page"}],"author":[{"embeddable":true,"href":"https:\/\/eletminosegedittel.hu\/index.php?rest_route=\/wp\/v2\/users\/1"}],"replies":[{"embeddable":true,"href":"https:\/\/eletminosegedittel.hu\/index.php?rest_route=%2Fwp%2Fv2%2Fcomments&post=274"}],"version-history":[{"count":7,"href":"https:\/\/eletminosegedittel.hu\/index.php?rest_route=\/wp\/v2\/pages\/274\/revisions"}],"predecessor-version":[{"id":584,"href":"https:\/\/eletminosegedittel.hu\/index.php?rest_route=\/wp\/v2\/pages\/274\/revisions\/584"}],"wp:attachment":[{"href":"https:\/\/eletminosegedittel.hu\/index.php?rest_route=%2Fwp%2Fv2%2Fmedia&parent=274"}],"curies":[{"name":"wp","href":"https:\/\/api.w.org\/{rel}","templated":true}]}}

Minőségi alvás

<div data-elementor-type="wp-page" data-elementor-id="274" class="elementor elementor-274" data-elementor-post-type="page">
				<div class="elementor-element elementor-element-db40c2f e-flex e-con-boxed e-con e-parent" data-id="db40c2f" data-element_type="container" data-e-type="container" data-settings="{&quot;background_background&quot;:&quot;classic&quot;}">
					<div class="e-con-inner">
				<div class="elementor-element elementor-element-1509f5f elementor-widget elementor-widget-heading" data-id="1509f5f" data-element_type="widget" data-e-type="widget" data-widget_type="heading.default">
				<div class="elementor-widget-container">
					<h2 class="elementor-heading-title elementor-size-default">A minőségi alvásért</h2>				</div>
				</div>
					</div>
				</div>
		<div class="elementor-element elementor-element-203a656 e-flex e-con-boxed e-con e-parent" data-id="203a656" data-element_type="container" data-e-type="container" data-settings="{&quot;background_background&quot;:&quot;classic&quot;}">
					<div class="e-con-inner">
		<div class="elementor-element elementor-element-d77aa7e e-con-full e-flex e-con e-child" data-id="d77aa7e" data-element_type="container" data-e-type="container">
				<div class="elementor-element elementor-element-e6b8476 elementor-widget elementor-widget-image" data-id="e6b8476" data-element_type="widget" data-e-type="widget" data-widget_type="image.default">
				<div class="elementor-widget-container">
															<img fetchpriority="high" decoding="async" width="1080" height="1080" src="https://eletminosegedittel.hu/wp-content/uploads/2026/03/restorate-termek.jpg" class="attachment-full size-full wp-image-343" alt="" srcset="https://eletminosegedittel.hu/wp-content/uploads/2026/03/restorate-termek.jpg 1080w, https://eletminosegedittel.hu/wp-content/uploads/2026/03/restorate-termek-300x300.jpg 300w, https://eletminosegedittel.hu/wp-content/uploads/2026/03/restorate-termek-1024x1024.jpg 1024w, https://eletminosegedittel.hu/wp-content/uploads/2026/03/restorate-termek-150x150.jpg 150w, https://eletminosegedittel.hu/wp-content/uploads/2026/03/restorate-termek-768x768.jpg 768w" sizes="(max-width: 1080px) 100vw, 1080px" />															</div>
				</div>
				</div>
		<div class="elementor-element elementor-element-de0c382 e-con-full e-flex e-con e-child" data-id="de0c382" data-element_type="container" data-e-type="container">
				<div class="elementor-element elementor-element-009b4e7 elementor-widget elementor-widget-heading" data-id="009b4e7" data-element_type="widget" data-e-type="widget" data-widget_type="heading.default">
				<div class="elementor-widget-container">
					<h3 class="elementor-heading-title elementor-size-default">FitLine Restorate - Regeneráció, miközben alszol.</h3>				</div>
				</div>
				<div class="elementor-element elementor-element-371eef6 elementor-widget elementor-widget-text-editor" data-id="371eef6" data-element_type="widget" data-e-type="widget" data-widget_type="text-editor.default">
				<div class="elementor-widget-container">
									<p><strong><u>FitLine Restorate- Regeneráció, miközben alszol.</u></strong></p><p>Hiába az energia napközben, ha az éjszakai regeneráció nem működik.</p><p>A <strong>FitLine Restorate</strong> lefekvés előtt támogatja a testedet abban, hogy <strong>éjszaka helyreálljon, feltöltődjön </strong>és<strong> felkészüljön a következő napra</strong>.</p><p>Több mint egy ásványi anyag.</p><p><strong><u>FONTOS: </u></strong>Az ásványi anyagok és mikrotápanyagok éjszaka tárolódnak a legjobban.</p><p><strong><u>A Restorate kiváló minőségű kombinációja:</u></strong></p><ul><li>kalcium, magnézium, cink, vas</li><li>szelén, króm, mangán, szilícium</li><li><strong>D-vitamin</strong></li><li>és a felszívódást segítő <strong>ajurvédikus gyógynövény aromáknak.</strong></li></ul><p>➡️ <strong>NTC® technológiával</strong> készült– hogy a tápanyagok valóban hasznosuljanak.</p><p><strong> Éjszakai „hálósapka”-nak </strong>is nevezzük, hiszen:</p><p><strong><u>A cink hozzájárul:</u></strong></p><ul><li>a normál <strong>sav–bázis egyensúlyhoz</strong></li><li>a <strong>szénhidrát- és zsíranyagcseréhez</strong></li><li>a minőségi <strong>pihenéshez</strong></li><li>a szervezet normál <strong>regenerációs</strong> folyamataihoz</li></ul>								</div>
				</div>
				</div>
					</div>
				</div>
		<div class="elementor-element elementor-element-e0472b3 e-flex e-con-boxed e-con e-parent" data-id="e0472b3" data-element_type="container" data-e-type="container" data-settings="{&quot;background_background&quot;:&quot;classic&quot;}">
					<div class="e-con-inner">
		<div class="elementor-element elementor-element-4393f3b e-con-full e-flex e-con e-child" data-id="4393f3b" data-element_type="container" data-e-type="container">
				<div class="elementor-element elementor-element-444d80c elementor-widget elementor-widget-text-editor" data-id="444d80c" data-element_type="widget" data-e-type="widget" data-widget_type="text-editor.default">
				<div class="elementor-widget-container">
									<p><strong><u>Hatása:</u></strong></p><ul><li>Hosszan tartó <strong>energiát</strong> és <strong>koncentrációt</strong> biztosít.</li><li><strong>Immunerősítést</strong> sejtszinten oldja meg.</li><li><strong>Egészséges bélrendszer</strong> működését támogatja.</li><li><strong>Regenerációs folyamatokban</strong> segíthet.</li></ul><p><strong><u><br />Kinek ajánlott?</u></strong></p><ul><li>Hétköznapi embereknek <strong>fáradtság</strong>, <strong>stressz</strong>, <strong>gyenge immunrendszer</strong> esetén.</li><li>Sportolóknak <strong>teljesítmény</strong> és <strong>regeneráció</strong> támogatására.</li><li>Időseknek a <strong>mikrotápanyag hiány</strong> kialakulásának <strong>megelőzésére</strong>.</li><li>Gyerekeknek külön Junior változatban kapható. (12 éves kor alatt)</li><li><strong>Diétázóknak</strong>, <strong>életmódváltóknak</strong> tápanyagkompenzációban is nagy segítséget nyújthat.</li><li>Akinek <strong>emésztési problémái</strong> vannak.</li><li>12 éves kor felett ajánlott.</li><li>Mindazok számára, akik <strong>több energiára</strong>, <strong>jobb</strong> <strong>ellenálló képességre</strong> és <strong>jobb</strong> <strong>életminőségre</strong> vágynak a rohanó mindennapokban.</li></ul>								</div>
				</div>
				</div>
		<div class="elementor-element elementor-element-22d3445 e-con-full e-flex e-con e-child" data-id="22d3445" data-element_type="container" data-e-type="container">
				<div class="elementor-element elementor-element-3422eea elementor-widget elementor-widget-text-editor" data-id="3422eea" data-element_type="widget" data-e-type="widget" data-widget_type="text-editor.default">
				<div class="elementor-widget-container">
									<p><strong><u>Hogyan használd?</u></strong></p><p>Csak keverd szénsavmentes vízbe a tasak tartalmát és gondoskodj a napi tápanyagellátásodról egyetlen pohárban. A termék fogyasztása a reggeli órákban ajánlott, hogy a napi tápanyagellátását tudjuk biztosítani a sejtjeinknek. Érdemes várni vele kb. egy 5 percet, és újra összekeverni. Kicsit selymesebb lesz az állaga.</p><p>Ne lépje túl a javasolt napi ajánlott adagot. Az étrend-kiegészítőket nem szabad a változatos és kiegyensúlyozott étrend és az egészséges életmód helyettesítésére használni. Kisgyermekektől elzárva tartandó. Por formájú funkcionális élelmiszer. <strong>Íz</strong>: Narancs-fekete ribizli. Koffeint tartalmaz. Nem ajánlott gyermekek vagy terhes nők számára. (30 mg koffein / napi adag) <strong>Édesítőszer</strong>: Növényi eredetű Steviából származó szteviol-glikozidok.</p><p><strong>Kiszerelése</strong>: 30 tasak/doboz, ezek egyenként 15 g-os tasakok = 450 g.</p><p><strong>AJÁNLÁS: 1 adag (1 tasak) naponta.</strong></p><p><strong>Letölthető tudományos videó a termékről a linkre kattintva elérhető:</strong></p><p><a href="https://www.youtube.com/watch?v=O9ahQTLhPMs"><strong>https://www.youtube.com/watch?v=O9ahQTLhPMs</strong></a></p>								</div>
				</div>
				</div>
					</div>
				</div>
				</div>

<p>A minőségi alvásért FitLine Restorate &#8211; Regeneráció, miközben alszol. FitLine Restorate- Regeneráció, miközben alszol. Hiába az energia napközben, ha az éjszakai regeneráció nem működik. A FitLine Restorate lefekvés előtt támogatja a testedet abban, hogy éjszaka helyreálljon, feltöltődjön és felkészüljön a következő napra. Több mint egy ásványi anyag. FONTOS: Az ásványi anyagok és mikrotápanyagok éjszaka tárolódnak [&hellip;]</p>
